 1. Let h be c(4). Let q = h + -8. Suppose f + 5*m + 4 = -19, -f + q = -m. What is the greatest common factor of 14 and f?
2
Let t = 15 - 41. Let x = t + 33. Calculate the greatest common divisor of x and 56.
7
Suppose a + 39 = 4*a. Let l(n) = -n**2 + n + 143. Let p be l(0). What is the greatest common divisor of a and p?
13
Let a(m) = -m**3 - 9*m**2 + 10*m + 2. Let g be a(-10). Suppose 2*i = 4*i - 4. What is the greatest common divisor of g and i?
2
Let d = 7 - 5. Let t be 35 - ((-8)/(-2))/d. Suppose 4*k + b - 3*b - 48 = 0, -8 = 4*b. Calculate the highest common divisor of t and k.
11
Suppose 6*r = 5*r + 319. What is the highest common factor of r and 29?
29
Suppose 108 = 5*k - 2*k. Let n be 8/k + 266/18. What is the greatest common factor of 3 and n?
3
Suppose 0 = 4*v - v + m - 35, -3*v = -2*m - 20. Let u = v + -7. What is the greatest common factor of 12 and u?
3
Let g(v) = -2*v + 16. Let l be g(0). Calculate the highest common factor of l and 32.
16
Suppose 2*f - 4*z = 44, -3*f - 3*z = z - 76. Suppose 4*j + 0*j - f = 0. What is the highest common divisor of 4 and j?
2
Let o(p) = 5*p - 6. Let f(h) = -14*h + 19. Let v(y) = 4*f(y) + 11*o(y). Let x be v(7). Let l be (-2)/4*0 + 1. What is the highest common factor of l and x?
1
Let l = 27 + -15. Suppose -1 = 4*y - 5*a, -y - 31 = -2*y - 5*a. Calculate the greatest common factor of l and y.
6
Let u(t) = -t**2 - 10*t - 8. Let d be u(-6). Let s be 1*-48*2/(-6). Calculate the highest common divisor of s and d.
16
Let j be 2/(-6) - (-492)/18. Suppose 3*o = 6*o - j. What is the greatest common factor of 63 and o?
9
Suppose -7*g + 93 = -2*g + 4*n, 4*g = 4*n + 60. Calculate the greatest common factor of g and 153.
17
Let u be (-405)/(-10) - ((-10)/(-4) - 2). Calculate the greatest common factor of 4 and u.
4
Let l(j) = -3*j**2 + 2*j - 1. Let p be l(2). Let k be p*(2 + -3)*1. Let v(f) = 2*f + 1. Let h be v(4). Calculate the greatest common factor of h and k.
9
Let g be (7 - 2) + -2 - -1. Suppose g*p - 393 - 87 = 0. Suppose r - 12 = -0*r. What is the highest common divisor of r and p?
12
Let s be (-5)/10 + 226/4. What is the highest common divisor of 7 and s?
7
Suppose -m = -10 + 4. Suppose 0 = 3*x - 0*x - 126. Calculate the highest common divisor of x and m.
6
Suppose -4*g + 1 - 17 = 0. Let h be g/(-1)*(-1)/(-2). Suppose 0 = 2*p - 3*u - 78, h*u - 140 = -4*p - 0*u. Calculate the highest common divisor of 24 and p.
12
Let x(w) = 10*w**2. Let j be x(2). Suppose 3*c - 6 = u + 4*u, 3*u + 8 = 4*c. Let r be c/(-5) - 156/(-15). What is the highest common factor of j and r?
10
Let w(g) = g**2 + 5*g + 6. Let m be w(-4). Suppose -3*s = 15, 8*h - 3*h - 35 = m*s. Let r = 14 - h. What is the greatest common divisor of r and 3?
3
Let f be ((-6)/3)/((-10)/25). Suppose 36 = l + l - f*j, -64 = -2*l - 2*j. What is the greatest common factor of 4 and l?
4
Let d be (-6)/4 - (-20)/8. Let m be (-1 - -44) + -3 - d. What is the greatest common divisor of 26 and m?
13
Let l = -1 - -4. Let f(b) = 9*b**3 + b**2 - b - 7*b**3 + b - 3. Let a be f(l). Calculate the greatest common factor of 15 and a.
15
Let u be 8718/36 + 2/(-12). Calculate the greatest common factor of 22 and u.
22
Suppose 20*c - 4411 = 489. Calculate the highest common factor of c and 98.
49
Suppose 5*g = 4*g + 4. Let t be ((-3)/(-9))/(3/(-45)). Let w(o) = o**3 + 6*o**2 + 5*o + 4. Let n be w(t). Calculate the greatest common divisor of n and g.
4
Suppose -3*v = -j + 24, 3*j = -2*v + 4*v + 86. Calculate the highest common divisor of j and 50.
10
Suppose 0 = 4*g + g - 65. Suppose -3*l + 102 + 249 = 0. What is the highest common divisor of g and l?
13
Let g be -3 + 11 - 1 - 2. Let r = g - -3. Calculate the greatest common divisor of 32 and r.
8
Let p = -2 + 19. Calculate the greatest common factor of 119 and p.
17
Let s(n) = n**2 + n + 7. Let y(t) = -t**3 + 4*t**2. Let m be y(4). Let a be s(m). Suppose -2*l + 150 - 52 = 0. Calculate the greatest common factor of a and l.
7
Let b be (-1)/2 + 27/6. Calculate the highest common divisor of b and 4.
4
Suppose y + 27 = -3*q - 2*q, y - 5*q - 3 = 0. Let v(j) = -6*j - 2. Let u be v(y). Calculate the highest common divisor of u and 10.
10
Let z be (2/(-12))/(9/(-54)). What is the greatest common factor of 11 and z?
1
Let f(o) = -32*o. Let l be f(-1). Let g = -6 - -8. Suppose -3*s + 44 = 6*z - 2*z, -5*s + 78 = g*z. Calculate the highest common factor of s and l.
16
Suppose 0 = -4*c - 3*w - 9, -4*w - 12 = -5*c + c. Let d be -56*(c + 4/(-8)). What is the greatest common factor of d and 7?
7
Suppose -4*v + 3*u + 88 = 0, 5*v - u - 110 = -0*u. What is the highest common divisor of 110 and v?
22
Let w = -83 + 86. What is the greatest common factor of w and 3?
3
Suppose -4*y + 2*y + 4 = 0. Let t(i) = 3*i - 3. Let p be t(3). Let m be 16/(y*3/p). Calculate the highest common factor of m and 8.
8
Suppose 4*b - 9 = -1. Suppose 4 + 0 = b*j. What is the highest common factor of j and 10?
2
Let z(r) = -6*r - 4*r - 6 + 2 + r**2 + 0*r. Let d be z(12). Calculate the highest common divisor of d and 20.
20
Let g be (5 - -1)*(-3)/(-9). Suppose -4*c - 155 = -4*b - 39, -5*c = -g*b + 73. What is the greatest common divisor of 12 and b?
12
Let o be 3*-1*(21/(-7) + -63). What is the highest common divisor of 18 and o?
18
Let p be (-4)/(-4)*-4 + 284. Suppose 12*k = 16*k - p. What is the greatest common divisor of 28 and k?
14
Suppose s - 3*y + 5 = 2*y, -2*s + 12 = y. Let a = -5 + s. Suppose -4 = -w + f + 8, a = -3*f. What is the greatest common factor of w and 6?
6
Let m = -38 + 66. Let z be (-4)/1 - m/(-2). What is the highest common divisor of 70 and z?
10
Let j be (-2)/4 - 1188/(-8). Let n = -41 + j. Suppose u + 3*w = -4*u + 86, -5*u + n = -4*w. Calculate the highest common factor of u and 19.
19
Suppose -5*k - 7 = 13. Let w(x) = -x**3 - 2*x**2 + 3*x - 4. Let p be w(k). Calculate the highest common divisor of 80 and p.
16
Let a be (2 + -1)/((-4)/(-16)). Suppose 0 = a*x - 6 - 2. Let v be (-39)/(3*x/(-4)). Calculate the greatest common factor of 13 and v.
13
Suppose 6 = s + 4. Suppose 4*w = -3*a - 0*a + 16, -19 = -s*a - w. Suppose -4*p = 8 - 56. Calculate the greatest common factor of p and a.
12
Let g be (-7)/(-2)*12/6. Let y be g/(-28) - 442/(-8). What is the greatest common divisor of 22 and y?
11
Let u = -62 - -38. Let l = -11 - u. What is the greatest common factor of l and 39?
13
Let a = 111 + -7. Let l(r) be the first derivative of r**2/2 + 3*r - 1. Let g be l(10). What is the highest common divisor of a and g?
13
Let l = 149 + -138. Calculate the highest common factor of l and 99.
11
Let m(x) = 33*x**2 - 4. Suppose d + 5*i - 8 = 0, 5*d - i = 6*d. Let z be m(d). Calculate the greatest common divisor of z and 16.
16
Let f be (-385)/(-21) - (-2)/(-6). Let x be (-90)/(-7)*84/f. What is the greatest common factor of x and 10?
10
Let w be 2/8 - 42/8. Let i(p) = 3*p**2 + 4*p - 7. Let m be i(w). What is the greatest common factor of 16 and m?
16
Suppose 394 + 101 = 5*r. Suppose -2*f + 3*f = -29. Let o = f - -40. What is the greatest common divisor of o and r?
11
Suppose -2*t + 7*t + 4*g - 40 = 0, 3*g = 0. Suppose t*m + 74 = 9*m. What is the greatest common divisor of 37 and m?
37
Let o be 4*(2/4 - 0). Suppose -o*n - 5*q + 10 = -0*q, -5*q = 4*n - 40. What is the greatest common divisor of 30 and n?
15
Let o(m) = 3*m**2 - 3*m + 1. Let y be 23/5 - (-8)/20. Suppose -y*k = l - 4 - 12, k - 32 = -5*l. Let s be o(l). What is the highest common divisor of 13 and s?
13
Suppose 4*c + 0*w = 4*w + 260, 3*c + w = 175. What is the greatest common divisor of c and 24?
12
Suppose -i - 4*f + 7*f = -11, -4*i + 5*f = -37. What is the highest common factor of 72 and i?
8
Let o = 2 - -1. What is the highest common factor of 39 and o?
3
Let n be 7*(-1 - -2) - 0. What is the greatest common factor of 7 and n?
7
Let w = -45 + 68. What is the highest common factor of w and 23?
23
Suppose 0 = 5*b - 0 - 5. Let i(z) = z**3 - 13*z**2 + 7. Let f be i(13). What is the greatest common divisor of f and b?
1
Let v(h) = -h**2 - 5*h - 3. Let d be v(-2). Let l = 35 - 24. Let k = l - 5. What is the greatest common factor of d and k?
3
Let d be 0 - (-1 - -14)*-1. Let m(w) = d*w - 12*w**2 + 11*w**2 - 7 - 4. Let l be m(11). Calculate the highest common factor of l and 66.
11
Let c = -128 - -